{"id":24,"date":"2020-07-02T01:05:22","date_gmt":"2020-07-02T04:05:22","guid":{"rendered":"http:\/\/revistaenraizada.com\/?page_id=24"},"modified":"2021-05-11T15:42:08","modified_gmt":"2021-05-11T18:42:08","slug":"quienes-somos","status":"publish","type":"page","link":"https:\/\/revistaenraizada.com\/index.php\/quienes-somos\/","title":{"rendered":"Qui\u00e9nes Somos"},"content":{"rendered":"\n<div class=\"wp-block-image\"><figure class=\"aligncenter size-large is-resized\"><img loading=\"lazy\" src=\"https:\/\/revistaenraizada.com\/wp-content\/uploads\/2020\/09\/Logo-oficial-1024x880.jpg\" alt=\"\" class=\"wp-image-306\" width=\"479\" height=\"411\" srcset=\"https:\/\/revistaenraizada.com\/wp-content\/uploads\/2020\/09\/Logo-oficial-1024x880.jpg 1024w, https:\/\/revistaenraizada.com\/wp-content\/uploads\/2020\/09\/Logo-oficial-300x258.jpg 300w, https:\/\/revistaenraizada.com\/wp-content\/uploads\/2020\/09\/Logo-oficial-768x660.jpg 768w, https:\/\/revistaenraizada.com\/wp-content\/uploads\/2020\/09\/Logo-oficial.jpg 1043w\" sizes=\"(max-width: 479px) 100vw, 479px\" \/><\/figure><\/div>\n\n\n\n<p><\/p>\n\n\n\n<p style=\"font-size:25px\"><strong>Revista Enraizada<\/strong> es un proyecto colaborativo dedicado a la divulgaci\u00f3n de Historia en diversos formatos, creado por estudiantes avanzados de la Lic. en Historia de la Universidad Nacional de San Mart\u00edn (Arg). <\/p>\n\n\n\n<p style=\"font-size:25px\">Escribimos art\u00edculos y ensayos, recomendamos libros y pel\u00edculas,  mostramos fotos, cuadros, mapas y datos. <\/p>\n\n\n\n<p style=\"font-size:25px\">Creemos en la necesidad de que el conocimiento circule m\u00e1s all\u00e1 de las paredes de la academia. Por eso nos dedicamos a abordar temas e investigaci\u00f3nes espec\u00edficas para ponerlas a disposici\u00f3n en nuestra web. <\/p>\n\n\n\n<h2><strong>Direcci\u00f3n General: <\/strong><\/h2>\n\n\n\n<p class=\"has-medium-font-size\">Mart\u00edn Bericat <\/p>\n\n\n\n<h2><strong>Equipo editorial:<\/strong><\/h2>\n\n\n\n<p class=\"has-medium-font-size\">Francine Riera <\/p>\n\n\n\n<p class=\"has-medium-font-size\">Gast\u00f3n Mazzaferro<\/p>\n\n\n\n<h2><strong>Fotograf\u00eda y video: <\/strong><\/h2>\n\n\n\n<p class=\"has-medium-font-size\">Maia Habegger <\/p>\n\n\n\n<h2><strong>Con Enraizada colaboran: <\/strong><\/h2>\n\n\n\n<p class=\"has-medium-font-size\">Zoe Brodsky Mercer<\/p>\n\n\n\n<p class=\"has-medium-font-size\">Bel\u00e9n de la paz Sobral<\/p>\n\n\n\n<p class=\"has-medium-font-size\">Juan Carlos Chetti  <\/p>\n\n\n\n<p class=\"has-medium-font-size\">Esteban Vidal Saldarriaga<\/p>\n\n\n\n<p class=\"has-medium-font-size\">Andr\u00e9s Saslavsky <\/p>\n\n\n\n<p class=\"has-medium-font-size\">Martina Semerena <\/p>\n\n\n\n<p class=\"has-medium-font-size\">Anabella Paterno<\/p>\n\n\n\n<p class=\"has-medium-font-size\">Dario P\u00e9rez Vidal<\/p>\n\n\n\n<p class=\"has-medium-font-size\">Ivan Pardo<\/p>\n\n\n\n<div class=\"wp-block-cover has-background-dim\"><img loading=\"lazy\" width=\"800\" height=\"600\" class=\"wp-block-cover__image-background wp-image-528\" alt=\"\" src=\"https:\/\/revistaenraizada.com\/wp-content\/uploads\/2020\/11\/Falta-muy-poco-2.png\" data-object-fit=\"cover\" srcset=\"https:\/\/revistaenraizada.com\/wp-content\/uploads\/2020\/11\/Falta-muy-poco-2.png 800w, https:\/\/revistaenraizada.com\/wp-content\/uploads\/2020\/11\/Falta-muy-poco-2-300x225.png 300w, https:\/\/revistaenraizada.com\/wp-content\/uploads\/2020\/11\/Falta-muy-poco-2-768x576.png 768w\" sizes=\"(max-width: 800px) 100vw, 800px\" \/><div class=\"wp-block-cover__inner-container\">\n<p class=\"has-text-align-center has-white-color has-text-color has-large-font-size\">Si quer\u00e9s colaborar con Enraizada, pod\u00e9s enviarnos tu art\u00edculo o rese\u00f1a en la <a href=\"https:\/\/revistaenraizada.com\/index.php\/convocatoria-permanente\/\" target=\"_blank\" rel=\"noreferrer noopener\">convocatoria permanente.<\/a><\/p>\n<\/div><\/div>\n","protected":false},"excerpt":{"rendered":"<p>Revista Enraizada es un proyecto colaborativo dedicado a la divulgaci\u00f3n de Historia en diversos formatos, creado por estudiantes avanzados de la Lic. en Historia de la Universidad Nacional de San&hellip; <\/p>\n","protected":false},"author":1,"featured_media":0,"parent":0,"menu_order":0,"comment_status":"closed","ping_status":"closed","template":"","meta":[],"yoast_head":"<!-- This site is optimized with the Yoast SEO plugin v19.4 - https:\/\/yoast.com\/wordpress\/plugins\/seo\/ -->\n<title>Qui\u00e9nes Somos - Revista Enraizada<\/title>\n<meta name=\"robots\" content=\"index, follow, max-snippet:-1, max-image-preview:large, max-video-preview:-1\" \/>\n<link rel=\"canonical\" href=\"https:\/\/revistaenraizada.com\/index.php\/quienes-somos\/\" \/>\n<meta property=\"og:locale\" content=\"es_ES\" \/>\n<meta property=\"og:type\" content=\"article\" \/>\n<meta property=\"og:title\" content=\"Qui\u00e9nes Somos - Revista Enraizada\" \/>\n<meta property=\"og:description\" content=\"Revista Enraizada es un proyecto colaborativo dedicado a la divulgaci\u00f3n de Historia en diversos formatos, creado por estudiantes avanzados de la Lic. en Historia de la Universidad Nacional de San&hellip;\" \/>\n<meta property=\"og:url\" content=\"https:\/\/revistaenraizada.com\/index.php\/quienes-somos\/\" \/>\n<meta property=\"og:site_name\" content=\"Revista Enraizada\" \/>\n<meta property=\"article:publisher\" content=\"https:\/\/www.facebook.com\/enraizada.historia\" \/>\n<meta property=\"article:modified_time\" content=\"2021-05-11T18:42:08+00:00\" \/>\n<meta property=\"og:image\" content=\"https:\/\/revistaenraizada.com\/wp-content\/uploads\/2020\/09\/Logo-oficial-1024x880.jpg\" \/>\n<meta name=\"twitter:card\" content=\"summary_large_image\" \/>\n<meta name=\"twitter:label1\" content=\"Tiempo de lectura\" \/>\n\t<meta name=\"twitter:data1\" content=\"2 minutos\" \/>\n<script type=\"application\/ld+json\" class=\"yoast-schema-graph\">{\"@context\":\"https:\/\/schema.org\",\"@graph\":[{\"@type\":\"Organization\",\"@id\":\"https:\/\/revistaenraizada.com\/#organization\",\"name\":\"Revista Enraizada\",\"url\":\"https:\/\/revistaenraizada.com\/\",\"sameAs\":[\"https:\/\/www.instagram.com\/revista.enraizada\/\",\"https:\/\/www.facebook.com\/enraizada.historia\"],\"logo\":{\"@type\":\"ImageObject\",\"inLanguage\":\"es-AR\",\"@id\":\"https:\/\/revistaenraizada.com\/#\/schema\/logo\/image\/\",\"url\":\"https:\/\/revistaenraizada.com\/wp-content\/uploads\/2020\/09\/Logo-oficial.jpg\",\"contentUrl\":\"https:\/\/revistaenraizada.com\/wp-content\/uploads\/2020\/09\/Logo-oficial.jpg\",\"width\":1043,\"height\":896,\"caption\":\"Revista Enraizada\"},\"image\":{\"@id\":\"https:\/\/revistaenraizada.com\/#\/schema\/logo\/image\/\"}},{\"@type\":\"WebSite\",\"@id\":\"https:\/\/revistaenraizada.com\/#website\",\"url\":\"https:\/\/revistaenraizada.com\/\",\"name\":\"Revista Enraizada\",\"description\":\"Historia y cosas.\",\"publisher\":{\"@id\":\"https:\/\/revistaenraizada.com\/#organization\"},\"potentialAction\":[{\"@type\":\"SearchAction\",\"target\":{\"@type\":\"EntryPoint\",\"urlTemplate\":\"https:\/\/revistaenraizada.com\/?s={search_term_string}\"},\"query-input\":\"required name=search_term_string\"}],\"inLanguage\":\"es-AR\"},{\"@type\":\"WebPage\",\"@id\":\"https:\/\/revistaenraizada.com\/index.php\/quienes-somos\/\",\"url\":\"https:\/\/revistaenraizada.com\/index.php\/quienes-somos\/\",\"name\":\"Qui\u00e9nes Somos - Revista Enraizada\",\"isPartOf\":{\"@id\":\"https:\/\/revistaenraizada.com\/#website\"},\"datePublished\":\"2020-07-02T04:05:22+00:00\",\"dateModified\":\"2021-05-11T18:42:08+00:00\",\"breadcrumb\":{\"@id\":\"https:\/\/revistaenraizada.com\/index.php\/quienes-somos\/#breadcrumb\"},\"inLanguage\":\"es-AR\",\"potentialAction\":[{\"@type\":\"ReadAction\",\"target\":[\"https:\/\/revistaenraizada.com\/index.php\/quienes-somos\/\"]}]},{\"@type\":\"BreadcrumbList\",\"@id\":\"https:\/\/revistaenraizada.com\/index.php\/quienes-somos\/#breadcrumb\",\"itemListElement\":[{\"@type\":\"ListItem\",\"position\":1,\"name\":\"Inicio\",\"item\":\"https:\/\/revistaenraizada.com\/\"},{\"@type\":\"ListItem\",\"position\":2,\"name\":\"Qui\u00e9nes Somos\"}]}]}<\/script>\n<!-- \/ Yoast SEO plugin. -->","yoast_head_json":{"title":"Qui\u00e9nes Somos - Revista Enraizada","robots":{"index":"index","follow":"follow","max-snippet":"max-snippet:-1","max-image-preview":"max-image-preview:large","max-video-preview":"max-video-preview:-1"},"canonical":"https:\/\/revistaenraizada.com\/index.php\/quienes-somos\/","og_locale":"es_ES","og_type":"article","og_title":"Qui\u00e9nes Somos - Revista Enraizada","og_description":"Revista Enraizada es un proyecto colaborativo dedicado a la divulgaci\u00f3n de Historia en diversos formatos, creado por estudiantes avanzados de la Lic. en Historia de la Universidad Nacional de San&hellip;","og_url":"https:\/\/revistaenraizada.com\/index.php\/quienes-somos\/","og_site_name":"Revista Enraizada","article_publisher":"https:\/\/www.facebook.com\/enraizada.historia","article_modified_time":"2021-05-11T18:42:08+00:00","og_image":[{"url":"https:\/\/revistaenraizada.com\/wp-content\/uploads\/2020\/09\/Logo-oficial-1024x880.jpg"}],"twitter_card":"summary_large_image","twitter_misc":{"Tiempo de lectura":"2 minutos"},"schema":{"@context":"https:\/\/schema.org","@graph":[{"@type":"Organization","@id":"https:\/\/revistaenraizada.com\/#organization","name":"Revista Enraizada","url":"https:\/\/revistaenraizada.com\/","sameAs":["https:\/\/www.instagram.com\/revista.enraizada\/","https:\/\/www.facebook.com\/enraizada.historia"],"logo":{"@type":"ImageObject","inLanguage":"es-AR","@id":"https:\/\/revistaenraizada.com\/#\/schema\/logo\/image\/","url":"https:\/\/revistaenraizada.com\/wp-content\/uploads\/2020\/09\/Logo-oficial.jpg","contentUrl":"https:\/\/revistaenraizada.com\/wp-content\/uploads\/2020\/09\/Logo-oficial.jpg","width":1043,"height":896,"caption":"Revista Enraizada"},"image":{"@id":"https:\/\/revistaenraizada.com\/#\/schema\/logo\/image\/"}},{"@type":"WebSite","@id":"https:\/\/revistaenraizada.com\/#website","url":"https:\/\/revistaenraizada.com\/","name":"Revista Enraizada","description":"Historia y cosas.","publisher":{"@id":"https:\/\/revistaenraizada.com\/#organization"},"potentialAction":[{"@type":"SearchAction","target":{"@type":"EntryPoint","urlTemplate":"https:\/\/revistaenraizada.com\/?s={search_term_string}"},"query-input":"required name=search_term_string"}],"inLanguage":"es-AR"},{"@type":"WebPage","@id":"https:\/\/revistaenraizada.com\/index.php\/quienes-somos\/","url":"https:\/\/revistaenraizada.com\/index.php\/quienes-somos\/","name":"Qui\u00e9nes Somos - Revista Enraizada","isPartOf":{"@id":"https:\/\/revistaenraizada.com\/#website"},"datePublished":"2020-07-02T04:05:22+00:00","dateModified":"2021-05-11T18:42:08+00:00","breadcrumb":{"@id":"https:\/\/revistaenraizada.com\/index.php\/quienes-somos\/#breadcrumb"},"inLanguage":"es-AR","potentialAction":[{"@type":"ReadAction","target":["https:\/\/revistaenraizada.com\/index.php\/quienes-somos\/"]}]},{"@type":"BreadcrumbList","@id":"https:\/\/revistaenraizada.com\/index.php\/quienes-somos\/#breadcrumb","itemListElement":[{"@type":"ListItem","position":1,"name":"Inicio","item":"https:\/\/revistaenraizada.com\/"},{"@type":"ListItem","position":2,"name":"Qui\u00e9nes Somos"}]}]}},"_links":{"self":[{"href":"https:\/\/revistaenraizada.com\/index.php\/wp-json\/wp\/v2\/pages\/24"}],"collection":[{"href":"https:\/\/revistaenraizada.com\/index.php\/wp-json\/wp\/v2\/pages"}],"about":[{"href":"https:\/\/revistaenraizada.com\/index.php\/wp-json\/wp\/v2\/types\/page"}],"author":[{"embeddable":true,"href":"https:\/\/revistaenraizada.com\/index.php\/wp-json\/wp\/v2\/users\/1"}],"replies":[{"embeddable":true,"href":"https:\/\/revistaenraizada.com\/index.php\/wp-json\/wp\/v2\/comments?post=24"}],"version-history":[{"count":21,"href":"https:\/\/revistaenraizada.com\/index.php\/wp-json\/wp\/v2\/pages\/24\/revisions"}],"predecessor-version":[{"id":830,"href":"https:\/\/revistaenraizada.com\/index.php\/wp-json\/wp\/v2\/pages\/24\/revisions\/830"}],"wp:attachment":[{"href":"https:\/\/revistaenraizada.com\/index.php\/wp-json\/wp\/v2\/media?parent=24"}],"curies":[{"name":"wp","href":"https:\/\/api.w.org\/{rel}","templated":true}]}}